*(-4)/(-28)*-14. Suppose 2*b = -q*g + 6628, -g - 3*g + 4*b + 6628 = 0. Is g composite?
False
Suppose -1293 = -5*f - o + 11092, -7431 = -3*f + 2*o. Is f a composite number?
False
Let b(w) = -2*w**3 + 20*w**2 - 17*w - 100. Is b(-19) prime?
False
Suppose 3*h - 15589 = -2*x, -4*x = 6*h - 3*h - 31187. Is x a composite number?
True
Let b be (136/(-5))/((-15)/(-75)). Let d = b + 249. Is d composite?
False
Let x(u) = -u**2 - 9*u - 8. Let m be x(-7). Suppose m*a - a = -15. Is a/(9/(-426)) - 3 a composite number?
False
Let j be -5 + 32 - (-8)/2. Let y = 29 - j. Is (-4)/y*(-1115)/(-10) prime?
True
Suppose 30*k + 57919 = 47*k. Is k a prime number?
True
Suppose -4*l - 211 = 3*z, -l - 2*z - 53 = -z. Let u be l/(-44) - (-2)/(-11). Let w(o) = 166*o**3. Is w(u) a prime number?
False
Let y(q) = -q**3 - 7*q**2 - 6*q - 4. Suppose 0 = t + p + 1, 6 = p + 1. Let l be y(t). Let a(m) = 3*m**2 - 2*m + 9. Is a(l) composite?
True
Let c be (2348/(-8))/(1/(-14)). Suppose c = 12*s - 5*s. Is s a composite number?
False
Let n be 62*-123*(-1)/6. Suppose -s = i + i - 637, n = 4*i + s. Is i a prime number?
True
Suppose -6*b = -76625 - 107449. Is b a prime number?
False
Let q(x) = x**2 - 2*x - 3*x**2 - 2*x**2 - 34*x**3 + 18 - 17. Is q(-3) composite?
True
Let g(n) = -10*n**2 - 6*n - 3. Let r(t) = 9*t**2 + 7*t + 3. Let v(p) = -3*g(p) - 2*r(p). Let j be v(3). Let i = -88 + j. Is i composite?
True
Suppose 2*a = 3*a + 5*y - 71, -5*y + 122 = 2*a. Let o = -49 + 49. Let x = o + a. Is x a prime number?
False
Suppose -108 = -s - s. Suppose 0*m - 5*m + 525 = 0. Suppose 3*z - m = s. Is z prime?
True
Is 23190/20 + -10 - 3/(-2) prime?
True
Let k(w) = 0*w**3 - 9*w + w**3 - 8 - 9*w**2 - 4*w**2 + 4*w**2. Let o be k(10). Suppose -2*s = o*s - 524. Is s prime?
True
Suppose r - 2*m = -m + 19, -3*m - 15 = 0. Suppose 5*i + 33 = v, 2*v - 2*i - r = -5*i. Is v a composite number?
False
Let h be ((-2)/3)/((-14)/231). Suppose -9*y + h*y - 762 = 0. Is y a composite number?
True
Suppose -561 = -10*v + 7*v. Suppose -4*n - 155 - 253 = 0. Let f = n + v. Is f composite?
True
Let h(q) = 4 + 368*q**2 + 358*q**2 - 4 + 1. Let u be h(-2). Suppose 0*m = 5*m - u. Is m a prime number?
False
Suppose n + 3*d - 9044 = 0, -5*n - 9*d + 8*d = -45150. Is n prime?
True
Is -6 - 3/(-6)*7534 a composite number?
False
Let n(x) = 2*x**3 - 6*x**2 + 3*x - 9. Let w be n(9). Suppose -w - 371 = -i. Is i composite?
False
Suppose -5*i + c = -0*i - 112671, -c = -4*i + 90136. Is i a composite number?
True
Let g(b) = 17*b**2 - 14*b - 7. Is g(52) composite?
False
Let g(r) = r**2 - 2 + 13 + 74*r - 64*r. Let y be g(-9). Suppose y*u = -0*u + 586. Is u a composite number?
False
Is 562710/135 + 4/(-18) - -1 composite?
True
Let a = 226 + -603. Let q = a + 769. Suppose 5*v = -2*z + q, 2*z - 386 = -v - v. Is z prime?
True
Suppose -q = 5 + 1. Is -2*(-1527)/q*-1 a composite number?
False
Let k(x) = -96*x**3 + 3*x**2 + 3*x + 5. Let y = 26 + -29. Let z be k(y). Let h = z + -1498. Is h a prime number?
True
Is (-147271)/(-6) + (140/24)/(-35) composite?
True
Is ((-2)/4)/((-17265)/2466 + 7) a prime number?
False
Let c be ((-15)/(-6))/(2 - (-3)/(-2)). Suppose -b - 5*t - 159 = -673, c*b - 3*t - 2486 = 0. Is b prime?
True
Let q(k) be the third derivative of k**6/120 + 7*k**5/60 + k**4/12 - 7*k**3/6 - 6*k**2. Is q(-5) a prime number?
False
Let b = 18 - 7. Suppose 5*m + 13 - 33 = 0, -5*m + b = -3*z. Let n(g) = 243*g + 2. Is n(z) a composite number?
True
Let d(l) = 117*l - 19. Suppose -8*h = -h - 42. Is d(h) prime?
True
Let m(y) = y + 30. Let i be m(-9). Is (-14)/i*543/(-2) - 2 a composite number?
False
Suppose 4*t + 1631 = 5831. Suppose 5*a + x = 2230, 3*a - 5*x = 260 + t. Suppose -2*l + a = -l. Is l a prime number?
False
Let b = 19 - 17. Let u(i) = 4*i + 11*i**b + 14*i**2 + 19*i**2 - 3. Is u(5) a composite number?
False
Is (-7 - (5 - 12)) + (-17783)/(-1) prime?
True
Let l(m) = -190*m**2 + 4*m + 1. Let z be l(-3). Let k = -892 - z. Is k composite?
False
Is (-1)/(-5 - (-1 - 2251/563)) a prime number?
True
Suppose v + t + 10 = -3*t, 0 = -3*t - 12. Suppose n + v = 20. Is n prime?
False
Let q(v) = v - 1. Let o be 7/35 + 32/(-10). Let h be q(o). Is 1266/h*(-6)/9 composite?
False
Let p(z) = 14*z**3 + 3*z**2 - 3*z - 3. Let f(y) = -y**3 + 3*y**2 - 1. Let i be f(2). Is p(i) composite?
True
Let y(f) = 465*f**2 - 11*f - 3. Is y(-5) prime?
True
Suppose -4*y + 15 = 51. Is (785*(-2)/4)/(y/18) prime?
False
Suppose -4*p + 5*h = -p - 1394, 2*h = p - 465. Is p a prime number?
True
Let n = 1 - -3. Suppose 2*o = -k, 0 = 5*o + n*k - 3. Is 6/((-3)/o) + 1349 prime?
False
Let p(f) be the first derivative of -f**6/120 + f**5/30 + f**4/12 + 2*f**3/3 - 3*f**2 + 10. Let b(k) be the second derivative of p(k). Is b(-5) a prime number?
False
Let u(f) = -127*f**2 - 2*f - 2. Let r(p) = 64*p**2 + p + 1. Let m(n) = 7*r(n) + 3*u(n). Suppose -10 = k + b - 8, 4 = -4*b. Is m(k) composite?
False
Let w be (-21)/(-105) + (-1818)/(-10). Suppose -w = -2*k - 4. Is k prime?
True
Let p = 216 + 227. Is p composite?
False
Suppose -2643 = -4*x + 905. Is x prime?
True
Let d(l) = 49*l**2 - 4*l + 4. Let j(k) = -97*k**2 + 7*k - 8. Let z(c) = -7*d(c) - 4*j(c). Let a = 181 - 178. Is z(a) composite?
False
Is 11210 - (-9)/(-8 + -1) a composite number?
True
Let n be 5/5 + (1 - -2). Let l be 2051 - n*(-1)/2. Suppose -733 = -2*a + l. Is a composite?
True
Suppose 5*l = -o + 6507, 4453 = 5*l - 2*o - 2063. Suppose -12*s + 9*s = -l. Let m = s - -123. Is m composite?
False
Let c be ((-9)/4)/(27/(-72)). Suppose c*l = 3*l - 5*u + 462, 0 = -4*l + 3*u + 587. Is l a composite number?
False
Is ((-13783)/(-22))/(3/6) composite?
True
Suppose 2*n - 15211 + 2761 = 4*z, -3*n = 3*z - 18693. Is n a prime number?
True
Let f(k) = 372*k**3 - 9*k**2 + 2*k - 24. Is f(5) prime?
True
Suppose 2*y = 0, 544 = 3*g - g - 3*y. Suppose t = g + 386. Suppose 3*i = -2*o + t, -4*i - 953 = -3*o - 0*o. Is o prime?
False
Suppose 450473 = 48*y - 1174375. Is y prime?
True
Let k = -40003 + 94274. Is k a prime number?
False
Let m be (-1 + (-5)/(-20))*-4. Is 2 + m + -5 + 3 - -2890 composite?
True
Let d(h) = h**2 + 5*h - 10. Let s = 14 - 21. Let c be d(s). Suppose -c*m = -10 - 82. Is m a prime number?
True
Suppose 0 = 61*d + 251138 - 676735. Is d composite?
False
Suppose 24 = 4*b + 2*h, -b + 0*h = -2*h - 1. Is (44/8 - b) + 9795/6 composite?
True
Let b(f) = -f**3 - 2*f**2 - f - 2. Let l be b(-2). Suppose l*r + 2*r = 368. Let u = -126 + r. Is u composite?
True
Let i be ((-30)/(-9) + 0)*72/(-30). Let u(s) = -s**3 + 4*s**2 + 11*s - 1. Is u(i) a prime number?
False
Let o(p) = -67*p - 385. Is o(-36) a composite number?
False
Let a be (3 - 4)*(7 + -2). Let d(v) = v**2 - 3*v - 3 + 2*v + 7 + 3*v**2. Is d(a) prime?
True
Suppose t = z - 2*t - 459, -4*t = 3*z - 1351. Suppose -1020 = 97*c - 102*c. Let n = z - c. Is n prime?
False
Is (24/(-8))/(3/(-251)) a prime number?
True
Suppose -43*t = -1595611 - 324124. Is t prime?
False
Suppose -10*g + 11964 = -1746. Is g a composite number?
True
Suppose -1861*r = -1854*r - 95249. Is r prime?
False
Let y = -101 - 30. Let s = y - -38. Let a = 16 - s. Is a composite?
False
Suppose -5417 = -5*x + 27158. Is x a prime number?
False
Let v(y) = -55*y**3 - 3*y**2 + 10*y + 57. Is v(-4) a composite number?
True
Suppose 6*x - 3203 = 5539. Is x prime?
False
Let r(s) = s**2 - s - 2. Let x be r(3). Suppose x*z = -o - o + 64, 0 = o - 4*z - 44. Suppose o = 3*u + 3*k, -k + 5*k = -u + 3. Is u prime?
False
Let f(o) = -o - 9. Let s be f(-3). Is s + 2 - (-2445)/5 a prime number?
False
Let g = 40 + -22. Let m = 30 - g. Is 887 + -3*(-8)/m composite?
True
Let y be (-4)/(-32) + 3/(-24). Is (-2815)/15*(-3 - y) a composite number?
False
Suppose 3*l + 2*l = 2*q - 17, 0 = -4*l + 2*q - 12. Let h = -7 - l. Is ((-8)/(-2))/h + 91 a composite number?
False
Suppose -1636 + 402 = -2*l. Let j = l - 216. Is j a composite number?
False
Let h(q) = 16*q**3 - 9*q**2 + 14*q - 11. Is h(8) a composite number?
False
Is ((-4689)/6)/(42/(-28)) composite?
False
Let h(f) = -f**2 - 6*f - 6. Let x be h(-4). Let y(m) = -7*m - 5*m + 3*m + 2 + 6*m**x. Is y(9) composite?
True
Let m be -5*(-1)/15*12/(-2). Is -3 - 1 - m - -507 a prime number?
False
Let a(l) = 11*l**2 - 10*l + 28. Suppose 4*p + 2*v = 10, 4*v = -6*p + p + 5. Is a(p) composite?
True
Suppose -23 = 5*x - 68. Suppose 3*l + 27 = 2*f, 